igit of 690805?
0
What is the tens digit of 642179?
7
What is the ten thousands digit of 3465975?
6
What is the tens digit of 2198116?
1
What is the hundred thousands digit of 234613?
2
What is the hundred thousands digit of 1394419?
3
What is the ten thousands digit of 3268683?
6
What is the hundred thousands digit of 5299058?
2
What is the tens digit of 389193?
9
What is the tens digit of 819874?
7
What is the ten thousands digit of 111517?
1
What is the units digit of 321502?
2
What is the ten thousands digit of 499597?
9
What is the hundred thousands digit of 980825?
9
What is the thousands digit of 1128507?
8
What is the hundreds digit of 112600?
6
What is the thousands digit of 294416?
4
What is the thousands digit of 15700?
5
What is the thousands digit of 253069?
3
What is the hundred thousands digit of 249570?
2
What is the hundreds digit of 225538?
5
What is the thousands digit of 18031074?
1
What is the ten thousands digit of 135908?
3
What is the tens digit of 17600998?
9
What is the units digit of 10169217?
7
What is the thousands digit of 5010035?
0
What is the tens digit of 529247?
4
What is the ten thousands digit of 215045?
1
What is the hundreds digit of 2656571?
5
What is the hundred thousands digit of 1954636?
9
What is the hundred thousands digit of 950923?
9
What is the hundred thousands digit of 4815908?
8
What is the units digit of 1675587?
7
What is the thousands digit of 365877?
5
What is the units digit of 2114860?
0
What is the hundred thousands digit of 760369?
7
What is the hundreds digit of 2931435?
4
What is the hundred thousands digit of 1756852?
7
What is the thousands digit of 3349088?
9
What is the units digit of 29113292?
2
What is the tens digit of 245332?
3
What is the tens digit of 456462?
6
What is the units digit of 48739?
9
What is the hundreds digit of 170406?
4
What is the thousands digit of 850905?
0
What is the tens digit of 242796?
9
What is the units digit of 57366?
6
What is the hundred thousands digit of 2051493?
0
What is the ten thousands digit of 423971?
2
What is the ten thousands digit of 885593?
8
What is the thousands digit of 302970?
2
What is the tens digit of 100841?
4
What is the units digit of 755446?
6
What is the hundreds digit of 7887012?
0
What is the ten thousands digit of 116677?
1
What is the millions digit of 1211192?
1
What is the units digit of 2000802?
2
What is the units digit of 3956289?
9
What is the hundreds digit of 192963?
9
What is the millions digit of 12105709?
2
What is the thousands digit of 65016?
5
What is the hundred thousands digit of 21772224?
7
What is the ten thousands digit of 3699546?
9
What is the ten thousands digit of 7188745?
8
What is the tens digit of 1396019?
1
What is the tens digit of 3803413?
1
What is the units digit of 751528?
8
What is the ten thousands digit of 1382140?
8
What is the units digit of 641998?
8
What is the ten millions digit of 16543260?
1
What is the hundreds digit of 154914?
9
What is the ten thousands digit of 65235?
6
What is the millions digit of 1105181?
1
What is the hundreds digit of 4225317?
3
What is the hundreds digit of 15604240?
2
What is the units digit of 21770397?
7
What is the units digit of 3097902?
2
What is the millions digit of 5781469?
5
What is the hundreds digit of 4202004?
0
What is the thousands digit of 470080?
0
What is the hundreds digit of 26960056?
0
What is the thousands digit of 1435085?
5
What is the tens digit of 6078567?
6
What is the ten thousands digit of 276340?
7
What is the hundreds digit of 2521341?
3
What is the hundreds digit of 1766309?
3
What is the ten thousands digit of 672456?
7
What is the tens digit of 519183?
8
What is the thousands digit of 327441?
7
What is the units digit of 383477?
7
What is the hundred thousands digit of 898524?
8
What is the hundred thousands digit of 222372?
2
What is the tens digit of 3846513?
1
What is the units digit of 16732372?
2
What is the tens digit of 242537?
3
What is the ten thousands digit of 339179?
3
What is the thousands digit of 72722?
2
What is the millions digit of 2649459?
2
What is the units digit of 6020762?
2
What is the hundreds digit of 31486489?
4
What is the ten thousands digit of 585736?
8
What is the units digit of 165296?
6
What is the ten thousands digit of 9623630?
2
What is the tens digit of 149043?
4
What is the tens digit of 790485?
8
What is the hundreds digit of 599208?
2
What is the hundreds digit of 420471?
4
What is the tens digit of 4056756?
5
What is the thousands digit of 312230?
2
What is the tens digit of 140155?
5
What is the millions digit of 11728815?
1
What is the thousands digit of 1407691?
7
What is the ten thousands digit of 96785?
9
What is the hundreds digit of 1999720?
7
What is the units digit of 96119?
9
What is the units digit of 595720?
0
What is the units digit of 2748043?
3
What is the thousands digit of 766994?
6
What is the ten thousands digit of 194620?
9
What is the tens digit of 1809938?
3
What is the hundreds digit of 3344397?
3
What is the thousands digit of 962326?
2
What is the ten millions digit of 15730028?
1
What is the ten thousands digit of 24885828?
8
What is the tens digit of 86894?
9
What is the units digit of 241061?
1
What is the hundreds digit of 5941799?
7
What is the units digit of 36584302?
2
What is the hundred thousands digit of 101914?
1
What is the thousands digit of 1225902?
5
What is the thousands digit of 15632251?
2
What is the units digit of 1857774?
4
What is the thousands digit of 200092?
0
What is the units digit of 471771?
1
What is the hundred thousands digit of 21380721?
3
What is the hundreds digit of 1146913?
9
What is the ten thousands digit of 192485?
9
What is the ten millions digit of 17950407?
1
What is the units digit of 1236375?
5
What is the units digit of 1628936?
6
What is the thousands digit of 331117?
1
What is the ten thousands digit of 2096312?
9
What is the ten thousands digit of 153500?
5
What is the ten thousands digit of 4317974?
1
What is the thousands digit of 55572?
5
What is the millions digit of 1265906?
1
What is the tens digit of 504696?
9
What is the tens digit of 3224262?
6
What is the hundred thousands digit of 12977087?
9
What is the thousands digit of 8527372?
7
What is the units digit of 89557?
7
What is the units digit of 229019?
9
What is the hundreds digit of 591?
5
What is the thousands digit of 1092068?
2
What is the tens digit of 21404022?
2
What is the thousands digit of 4284669?
4
What is the ten millions digit of 13060012?
1
What is the hundreds digit of 1920879?
8
What is the hundreds digit of 257863?
8
What is the thousands digit of 50413?
0
What is the ten thousands digit of 936108?
3
What is the tens digit of 2948067?
6
What is the millions digit of 14697480?
4
What is the ten thousands digit of 5216249?
1
What is the tens digit of 8176317?
1
What is the tens digit of 482128?
2
What is the units digit of 16044769?
9
What is the millions digit of 6819697?
6
What is the hundreds digit of 26613468?
4
What is the tens digit of 1587294?
9
What is the thousands digit of 3514594?
4
What is the thousands digit of 9445467?
5
What is the tens digit of 1074254?
5
What is the tens digit of 20873?
7
What is the ten thousands digit of 8564574?
6
What is the hundreds digit of 3478982?
9
What is the thousands digit of 7341914?
1
What is the ten thousands digit of 1777950?
7
What is the millions digit of 4392884?
4
What is the hundred thousands digit of 1175770?
1
What is the ten thousands digit of 264656?
6
What is the hundred thousands digit of 1396072?
3
What is the units digit of 36141?
1
What is the ten thousands digit of 2048176?
4
What is the tens digit of 712613?
1
What is the units digit of 16424687?
7
What is the thousands digit of 739534?
9
What is the units digit of 298872?
2
What is the units digit of 95551?
1
What is the millions digit of 5059729?
5
What is the units digit of 1298445?
5
What is the thousands digit of 789626?
9
What is the ten thousands digit of 2476097?
7
What is the ten thousands digit of 121493?
2
What is the thousands digit of 273850?
3
What is the ten thousands digit of 1912554?
1
What is the thousands digit of 9827969?
7
What is the tens digit of 19173091?
9
What is the thousands digi